t) = t**3 + t + 1. Determine b(2).
11
Let p(r) = 19*r - 63. Give p(4).
13
Let s(k) = -k**3 + 11*k**2 - 17*k - 5. Calculate s(11).
-192
Let b(y) = y**3 - 12*y**2 + 15*y - 26. Give b(11).
18
Let k(b) = 7*b - 4. Calculate k(3).
17
Let f(m) = m**3 - 15*m**2 - m + 2. Determine f(15).
-13
Let j(h) = h**3 + 11*h**2 - 7. What is j(-11)?
-7
Let y(x) = 10*x + 313. Calculate y(-31).
3
Let w(y) = 25*y - 208. Give w(8).
-8
Let i(u) = -14*u + 28. What is i(4)?
-28
Let n(j) = -2*j**2 + 13*j - 6. Determine n(5).
9
Let s(a) = a**3 - 21*a**2 + 25*a + 20. Calculate s(20).
120
Let i(a) = 6*a**2 + 33*a - 51. Calculate i(-7).
12
Let w(r) = 2*r**2 - 14*r + 3. What is w(6)?
-9
Let q(u) = 10*u + 4. Give q(-5).
-46
Let d(v) = -v**3 - 3*v**2 + v + 5. Give d(-3).
2
Let a(s) = 24*s - 436. What is a(18)?
-4
Let v(c) = 2*c**2 - 10*c + 15. Calculate v(10).
115
Let r(m) = m + 81. What is r(-26)?
55
Let t(j) = j**3 + 10*j**2 - 15*j - 13. Calculate t(-10).
137
Let x(w) = -13*w + 65. Determine x(5).
0
Let w(x) = -x**2 + 9*x - 1. Determine w(6).
17
Let s(r) = r**2 - 3*r - 22. What is s(-5)?
18
Let w(r) = 4*r**2 - 8*r + 9. Determine w(2).
9
Let g(x) = -x**2 + 44*x - 202. Calculate g(39).
-7
Let y(j) = -48*j**2 - j. Determine y(-1).
-47
Let x(j) = -35*j + 21. Give x(5).
-154
Let b(r) = 72*r**3 + 2*r**2 - 5*r + 4. Give b(1).
73
Let t(p) = p**3 - 7*p**2 - 8*p + 52. Determine t(7).
-4
Let h(c) = -c**3 + 12*c**2 + 15*c - 15. Calculate h(13).
11
Let u(k) = 2*k**3 - 13*k**2 + 8*k - 4. Determine u(6).
8
Let j(l) = 14*l - 72. What is j(8)?
40
Let g(q) = q**3 - q**2 - 2. Give g(4).
46
Let u(o) = -o**3 - 8*o**2 + o + 7. Determine u(-5).
-73
Let t(p) = 30*p**2 - 20*p - 1. Give t(1).
9
Let k(z) = -7*z - 3. Calculate k(-3).
18
Let p(g) = -12*g + 6. What is p(1)?
-6
Let i(m) = 7*m**2 - 2*m - 15. Calculate i(3).
42
Let m(x) = 4*x**2 + 7*x + 13. What is m(-2)?
15
Let i(d) = d**2 - 18. Determine i(-5).
7
Let z(p) = 60*p + 29. What is z(-2)?
-91
Let x(l) = -2*l - 50. Calculate x(-27).
4
Let l(a) = -11*a**2 - 41*a - 24. Determine l(-3).
0
Let v(h) = h**2 - 16*h + 61. Give v(10).
1
Let y(v) = -v**3 - 14*v**2 - 19*v + 64. Calculate y(-12).
4
Let i(k) = -k**2 + 14*k - 14. What is i(10)?
26
Let r(i) = -i - 6. Determine r(4).
-10
Let d(f) = -2*f - 8. Give d(25).
-58
Let z(g) = 4*g + 72. Give z(-11).
28
Let p(s) = -5*s + 30. What is p(7)?
-5
Let v(z) = -z + 10. Give v(5).
5
Let b(q) = -q**3 - 20*q**2 + 45*q + 13. What is b(-22)?
-9
Let u(w) = w**2 + 3*w - 10. Give u(-4).
-6
Let y(h) = h - 6. Determine y(7).
1
Let y(l) = -l**3 + 3*l**2 - 1. Calculate y(3).
-1
Let b(z) = z**3 + 5*z**2 + 5*z + 11. Give b(-5).
-14
Let v(q) = -3*q**2 + 8*q + 3. Give v(7).
-88
Let a(c) = c**3 - 5*c**2 + 7*c - 4. Calculate a(4).
8
Let t(s) = s**3 + 12*s**2 - s - 17. Give t(-12).
-5
Let a(s) = -s**2 + 50*s - 562. What is a(33)?
-1
Let x(d) = 3*d - 124. Give x(38).
-10
Let x(m) = -m**3 + 7*m**2 + 3. What is x(7)?
3
Let p(l) = -5*l + 49. Calculate p(9).
4
Let a(x) = -x**3 - 9*x**2 + 11*x - 7. Calculate a(-9).
-106
Let k(n) = -n**2 + 6*n + 18. What is k(8)?
2
Let x(t) = t**2 + 4*t + 3. Give x(-5).
8
Let t(a) = a**3 - 2*a**2 - 2*a - 6. Give t(3).
-3
Let r(p) = -3*p - 7. Determine r(0).
-7
Let s(w) = w**3 - 12*w**2 + 12*w - 7. Give s(11).
4
Let f(t) = t**3 + 14*t**2 + 4*t + 19. Calculate f(-14).
-37
Let v(x) = x**2 + 6*x + 4. Calculate v(-7).
11
Let m(s) = -4*s**2 - 2. What is m(3)?
-38
Let x(q) = -26*q**2 + 3*q + 2. Give x(-1).
-27
Let y(c) = -32*c**2 + c - 1. Determine y(1).
-32
Let c(a) = -5*a + 2. Determine c(-5).
27
Let v(d) = -d + 11. What is v(0)?
11
Let c(w) = -2*w**2 + 10*w - 4. Give c(8).
-52
Let s(k) = k**2 + 3*k + 3. Give s(-2).
1
Let l(k) = -2*k**2 - 59*k + 297. Determine l(-34).
-9
Let m(f) = -f**2 + 37*f + 314. Calculate m(44).
6
Let o(n) = -n**3 + 16*n**2 - 5*n - 13. Calculate o(16).
-93
Let x(s) = s**3 + 2*s**2 + 4*s + 12. Determine x(-3).
-9
Let t(l) = -14*l + 25. Give t(3).
-17
Let v(d) = d**3 + 9*d**2 - 11*d - 20. What is v(-10)?
-10
Let h(i) = i**2 + 30*i + 87. Calculate h(-27).
6
Let c(v) = 3*v - 4. Determine c(1).
-1
Let l(q) = -q**3 - 6*q**2 + 7. Calculate l(-7).
56
Let l(i) = i**3 - i**2 + 9. Determine l(0).
9
Let a(m) = -m**3 - 12*m**2 - 7*m + 32. What is a(-11)?
-12
Let s(p) = p**2 + 6*p - 160. What is s(-16)?
0
Let w(r) = -r**3 + 5*r**2 + 12*r + 17. Calculate w(7).
3
Let y(p) = -2*p + 36. Give y(-10).
56
Let i(g) = -2*g**3 + 14*g**2 - 2*g - 12. Calculate i(7).
-26
Let x(p) = -2*p**2 - 2*p + 2. Calculate x(3).
-22
Let p(o) = -4*o + 4. Give p(9).
-32
Let c(v) = -10*v - 32. Calculate c(-4).
8
Let j(h) = h**2 - 12*h + 1. Give j(9).
-26
Let r(o) = o**2 - 2*o - 20. Determine r(7).
15
Let k(u) = 7*u + 8. Determine k(-3).
-13
Let c(f) = -6*f - 47. What is c(-8)?
1
Let w(t) = t**2 - 41*t + 107. Give w(38).
-7
Let v(i) = -22*i + 51. Calculate v(3).
-15
Let n(j) = j**2 + 17*j + 7. Determine n(-13).
-45
Let g(f) = -2*f**3 + 10*f**2 + 11*f + 10. Determine g(6).
4
Let x(w) = -w**2 + 6*w + 6. Calculate x(7).
-1
Let q(g) = -8*g + 1. Give q(-3).
25
Let u(i) = -i + 13. Calculate u(-19).
32
Let v(g) = -g**3 + 8*g**2 - 9*g + 15. What is v(5)?
45
Let r(o) = o**3 + 9*o**2 + 6*o - 16. Give r(-8).
0
Let v(y) = -y**2 + 114. What is v(11)?
-7
Let u(v) = v**3 - 4*v**2 + 4*v - 1. Give u(1).
0
Let i(h) = h**2 + 8*h - 2. Determine i(-8).
-2
Let i(o) = -2*o**3 + 39*o**2 - 19*o - 4. Give i(19).
-4
Let b(j) = j**3 - 7*j**2 - 16*j + 68. Calculate b(8).
4
Let u(g) = -10*g**2 + 2*g - 2. Determine u(1).
-10
Let p(c) = -5*c**2 - 5*c - 4. Give p(-1).
-4
Let c(w) = -4*w + 80. Give c(22).
-8
Let x(j) = j**3 + j + 9. Give x(-5).
-121
Let a(v) = v**3 - 7*v**2 + 7*v - 5. Determine a(6).
1
Let d(c) = -c**2 + 22*c + 10. Determine d(22).
10
Let o(j) = j**2 + 21*j - 29. What is o(-22)?
-7
Let z(u) = 2*u**2 + 3*u - 5. What is z(4)?
39
Let v(d) = 2*d + 26. Determine v(-13).
0
Let h(l) = 17*l**2 + l. Give h(1).
18
Let h(g) = -4*g + 7. Give h(-8).
39
Let n(u) = 3*u. Determine n(-2).
-6
Let p(d) = d**3 + 8*d**2 - 10*d + 12. Calculate p(-9).
21
Let m(f) = -f**3 + 37*f**2 - 33*f - 108. What is m(36)?
0
Let m(t) = -t**2 + 8*t - 5. Calculate m(6).
7
Let f(c) = -4*c**3 - c**2 - 3*c + 2. Determine f(-2).
36
Let o(t) = -t**2 + 2*t + 7. Calculate o(-6).
-41
Let c(j) = 2*j - 1. Determine c(-1).
-3
Let h(g) = 9*g + 104. Determine h(-12).
-4
Let u(c) = c**3 - 3*c**2 + 4*c. What is u(3)?
12
Let q(n) = -26*n**2 + n + 1. Calculate q(-1).
-26
Let i(t) = 3*t - 15. Calculate i(12).
21
Let y(s) = -s**2 + s + 19. Determine y(-13).
-163
Let r(g) = 7*g - 3. What is r(-4)?
-31
Let i(u) = u**3 + 5*u**2 - 21*u - 43. Give i(-7).
6
Let x(c) = 10*c - 3. What is x(-5)?
-53
Let g(w) = 4*w + 109. What is g(-35)?
-31
Let h(v) = -3*v - 1. Determine h(-7).
20
Let t(d) = -d**3 - 16*d**2 - 15*d + 34. Calculate t(-15).
34
Let q(x) = -4*x - 9. Determine q(-18).
63
Let i(x) = -2*x - 41. Give i(-18).
-5
Let s(f) = -f**3 + 5*f**2 - f + 2. Give s(4).
14
Let t(o) = -2*o + 74. What is t(35)?
4
Let m(b) = 4*b**3 + 33*b**2 + 6*b - 15. Determine m(-8).
1
Let w(r) = -r**3 + 3*r**2 - 2*r - 1. Determine w(5).
-61
Let f(w) = -2*w**2 - 6*w + 9. Give f(-4).
1
Let k(s) = -s**3 + 43*s**2 - 39*s - 126. What is k(42)?
0
Let v(p) = p**3 + 26*p**2 + 23*p - 39. What is v(-25)?
11
Let w(h) = 4*h. Give w(1).
4
Let c(m) = -m**2 + 13*m + 106. What is c(-6)?
-8
Let w(m) = 2*m**2 - 20*m + 47. Determine w(6).
-1
Let p(u) = -u**3 - u**2 + 2*u + 1. What is p(-1)?
-1
Let o(t) = 20*t + 464. Calculate o(-23).
4
Let b(n) = -n**2 - 38*n - 9. Give b(0).
-9
Let z(r) = 3*r**2 - 7*r + 5. Determine z(2).
3
Let d(r) = -r**3 + 13*r**2 + 7. Determine d(13).
7
Let p(t) = -10*t**2 + 3*t - 5. Calculate p(-3).
-104
Let m(u) = u**3 - 9*u**2 + 2*u + 10. Determine m(7).
-74
Let m(k) = k**3 - 14*k**2 + 19*k - 53. What is m(13)?
25
Let k(r) = -r**3 - 6*r**2 - 6*r - 2. Determine k(-4).
-10
Let g(x) = -x**3 + 12*x**2 - 13*x - 4. Determine g(11).
-26
Let q(h) = -h**2 + 6*h - 15. Give q(4).
-7
Let a(q) = 2*q**2 + 10*q + 12. Give a(-6).
24
Let n(m) = 52*m - 772. Give n(15).
8
Let d(t) = -2*t**2 - 47*t - 62. What is d(-21)?
43
Let c(n) = n**3 + 12*n**2 + 3*n - 3. What is c(-12)?
-39
Let r(z) = -2*z**3 + 7*z. Determine r(2).
-2
Let o(a) = -2*a**2 - 10*a - 20. Calculate o(-4).
-12
Let b(p) = p**2 - 22*p - 61. What is b(24)?
-13
Let s(y) = -y**3 + 29*y